tors of g?
11
Let p be (-10 - 0)*14/35. Let d = 14 - p. What are the prime factors of d?
2, 3
Let n be 9*(-1)/(-3)*3. Suppose 3*w - 33 = -n. Suppose w = s + 3*s. What are the prime factors of s?
2
Suppose 78 = -d + 3*d. What are the prime factors of d?
3, 13
Suppose -3*h - 16 = -1. Let a = h + 5. Suppose -5*d - 4*x + 50 = 0, d + 2*x - x - 10 = a. List the prime factors of d.
2, 5
Let w(g) = 16*g**3 - g**2 + g. What are the prime factors of w(1)?
2
Let n(h) = -h**3 + 5*h**2 - 2*h - 1. Let y be n(4). Let s = 5 + y. List the prime factors of s.
2, 3
Suppose -2*v = -3 + 5. List the prime factors of (-5 - 7)*1*v.
2, 3
Let y = 3 + -6. Let k(h) = 2*h**2 + 5*h + 4. Let l be k(y). List the prime factors of (3 - l)/((-2)/4).
2
Suppose 5*z - l - 140 = 0, 0 = 2*z + 5*l - 44 - 39. Let k = -10 + z. What are the prime factors of k?
19
Let m(q) = -2*q - 5. Let w be m(-4). Let p(v) = -4 + w*v**3 - 7*v - 4*v**3 + 2*v - 3*v**2. What are the prime factors of p(-3)?
11
Suppose -a + 10 + 6 = 5*w, 0 = 5*w + 5*a. Suppose -30 = -w*v + 14. What are the prime factors of v?
11
Let p(j) = -j**3 - 8*j**2 - 5*j - 10. Let k be p(-8). Suppose -4*a - 5*w - k + 110 = 0, -4*a + 64 = w. What are the prime factors of a?
3, 5
Let v(s) = 2*s + 0 + 1 - s. Let m = 2 + 1. What are the prime factors of v(m)?
2
Let q(w) = -6*w**3 - 9*w**2 - 7*w + 1. Let y(x) = x**3 + x**2 + x. Let s(p) = -q(p) - 5*y(p). What are the prime factors of s(-2)?
3
Let r be 0 + (-2)/((-6)/(-63)). Let v be (-69)/r + (-2)/7. Suppose -d - 4 = -v*d. What are the prime factors of d?
2
Suppose -j + 3 = 0, -3*d + 2*j - 3*j = -51. Suppose -z + 0 = 2*l + 6, -4*l - 3*z - d = 0. Let v = l - -11. List the prime factors of v.
2, 5
Let d(t) = 2*t + 1 + 0 - 2 - 1. Let u be d(4). Let m(w) = -w + 11. What are the prime factors of m(u)?
5
What are the prime factors of ((-98)/3)/(27/(-81))?
2, 7
Suppose -3*g = -9 + 3. Suppose 0 = -3*d - g*d - 25, 7 = 3*r + 4*d. What are the prime factors of r?
3
What are the prime factors of 17/(-34)*(0 - 262)?
131
Suppose 2*q = 2*w - 1 + 5, 0 = 5*w - 2*q - 2. Suppose -5*d = -w*d. Let y(h) = -h + 2. List the prime factors of y(d).
2
Let u(x) = x**3 - 8*x**2 + 10*x + 1. What are the prime factors of u(7)?
2, 11
Let j(b) = 2*b**2 + 4*b + 12. Let h(i) = 3*i**2 + 8*i + 23. Let s(l) = -3*h(l) + 5*j(l). What are the prime factors of s(7)?
2, 3
Suppose 0 = -242*s + 237*s + 1065. List the prime factors of s.
3, 71
Let l(w) = 17*w**2 - w. Let y be l(-1). Let i = y - 9. What are the prime factors of i?
3
Let k(z) be the second derivative of 0 - 2*z + 1/20*z**5 - 5/3*z**3 + 7/12*z**4 - 7/2*z**2. List the prime factors of k(-8).
3
Let b(s) = 8*s + 3. Let q be b(3). Suppose 2*p - q = -7. Suppose 2*j + y = -0*y + 10, -2*j = 3*y - p. What are the prime factors of j?
5
Let g = 13 + -28. What are the prime factors of ((-52)/(-6))/((-10)/g)?
13
Let f(j) = 2*j**2 - 2*j + 10. List the prime factors of f(8).
2, 61
Let x = -76 - -116. Suppose 2*t - 4*r + x = 7*t, 2*t + 2*r = 18. Suppose -25 = -3*m + t*w, 2*m + w = 3 + 21. What are the prime factors of m?
11
Let s(c) = 155*c**2 + c - 1. List the prime factors of s(-1).
3, 17
Let h(j) = -j - 8. Let g be h(-7). Let n = g + 4. List the prime factors of n.
3
Let g be (3 - 2) + (-18)/(-1). Suppose 4*i + 3*w - 15 - 2 = 0, 0 = 5*i - 4*w - 60. Let s = g - i. What are the prime factors of s?
11
Let v(k) = -k**3 - 7*k**2 - 2*k - 7. Let u be v(-6). Let c = u - -59. List the prime factors of (-1)/3 + c/3.
3
Let x(o) = o**2 + o + 8. List the prime factors of x(9).
2, 7
Let o be ((-10)/(-8))/(2/16). Let q be 12/(-66) + 168/(-44). Let k = q + o. List the prime factors of k.
2, 3
Let a be (-18)/(-81) - (-61)/9. Suppose 0 = -4*v - 0 + 16. What are the prime factors of a/3 + v/(-12)?
2
Let s be ((-735)/(-28))/7 - (-1)/4. Suppose -z = 3*z + 8. Let c = s + z. What are the prime factors of c?
2
Let m(r) = 2*r - 3. Suppose 4*p - 11 = -g + 5, 8 = 2*p + 3*g. Let t be m(p). What are the prime factors of 1/t - (-19)/5?
2
Suppose s = 3 - 1. Suppose -3*p = -s*y + 10, -15 = -y - 2*y - 3*p. Suppose -y*o + 39 = -6. List the prime factors of o.
3
Suppose -2*b + 5 = 1. Let u(g) = g - 2 + 4 + 5*g - g**b. List the prime factors of u(6).
2
Let o = -7 + 9. Let w(c) = 2*c**2 - 3*c + 3. Let n be w(o). Let f = n - -1. List the prime factors of f.
2, 3
Let l be 33/(-5) - 4/10. Let n = -6 - -12. What are the prime factors of l/(-3) + (-2)/n?
2
Let o(f) = f**2 - 7*f + 5. Let w = 20 - 38. Let a = w - -25. List the prime factors of o(a).
5
Let f(p) = -30*p + 1. Suppose 0 = -4*x - 1 - 3. What are the prime factors of f(x)?
31
Let y(p) = -2*p + 1. Let l(m) = m**2 + 4*m - 2. Let z(k) = 2*l(k) + 5*y(k). List the prime factors of z(2).
5
Suppose -4*a = -145 - 159. Suppose -5*z + a = 3*g, -3*z = z - g - 54. List the prime factors of z.
2, 7
Suppose -3*c = 5*r - 55, -7*r + 2*c = -2*r - 80. Let h = 6 + r. List the prime factors of h.
2, 5
Let a = -1 + 0. Let y = a + 3. Suppose -3*f + 3*l + 25 = y*f, 0 = -f + 5*l - 17. List the prime factors of f.
2
Suppose 5*k - 9 - 9 = 3*c, -2*k + c = -7. Suppose -4*r + 33 = -k*b, -4*r + 85 = 3*b + 22. List the prime factors of r.
2, 3
Let w = 3 - 1. Suppose 0 = j - w*j + 24. What are the prime factors of j?
2, 3
Let o(z) = z - 2. Let s be o(-4). Let b = -8 - s. List the prime factors of 4 - ((-3)/1 - b).
5
Let c(f) = f**2 + 7*f - 8. Suppose -4*u = -4*s - 22 + 78, s + 31 = -4*u. What are the prime factors of c(u)?
2, 5
Suppose -3*r - 27 = -4*a - 3, -38 = -2*a - 5*r. What are the prime factors of a?
3
List the prime factors of (-534)/(-10) + 33/55.
2, 3
Suppose -5*l - 34 = -3*f, -5*l = -f - 0*l + 28. Suppose -2*q + 17 = w, -w = f*w + 5*q - 53. What are the prime factors of w?
7
Suppose 0 = l - 2 - 1. Suppose -135 = -5*r + 5*b, -2*r + 5*b - 51 = -l*r. Suppose r = 4*k - 25. List the prime factors of k.
2, 7
Suppose -2*j - 16 = 2*j - b, -2*b = -4*j - 12. Let r(s) be the second derivative of s**5/20 + s**4/3 - s**3 - 3*s**2/2 + s. List the prime factors of r(j).
2
Let l(j) = 17*j + 4. What are the prime factors of l(2)?
2, 19
Suppose -35 = 5*w + 25. Let s(u) = -u**2 - 11*u + 17. What are the prime factors of s(w)?
5
Let y(w) = -w**3 - 9*w**2 + 9*w - 8. Let m be y(-10). Suppose -30 = -m*f - f. What are the prime factors of f?
2, 5
Suppose -2*f + 9 = 1. Let b be (-21)/6 + 2/f. What are the prime factors of b*-14*(-3)/(-6)?
3, 7
Let v be 36 - 1*(-3 - -2). Suppose -z = k - v, -5*k + z + 185 = -2*z. Suppose 0 = -5*g + k + 3. List the prime factors of g.
2
What are the prime factors of (22/3)/((-4)/(-6))?
11
Let k(x) = -x**2 + 20*x + 3. List the prime factors of k(18).
3, 13
Suppose h = -5, 4*t - 3*h - 38 = -7. Let d = -2 + 5. Suppose d*b - 39 = -3*k - 12, 0 = -5*k - t*b + 42. What are the prime factors of k?
2, 3
Suppose -2 = 2*k, b - 6*k - 214 = -2*k. Suppose x = -2*x + b. Suppose x = 5*d + f, d + 2*f = -0*d + 14. What are the prime factors of d?
2, 7
Let z = -155 + 224. What are the prime factors of z?
3, 23
Let h(q) = 7*q**2 + 1. Let k(m) = -m**2 + 10*m - 11. Let s be k(8). Suppose s*b - 10 = 5*u, -2*b + 7*b + 14 = -3*u. List the prime factors of h(b).
2
Suppose -2*y + 84 = r, -5*r - 210 = -2*y - 3*y. What are the prime factors of y?
2, 3, 7
Let s = 39 + -26. What are the prime factors of s?
13
Let q = 21 - 8. Let p(t) = q*t - 5 - 6 - 3 + 0*t**2 - t**2. What are the prime factors of p(11)?
2
Suppose -2*t = -10, -2*x - t = -6*t + 23. Suppose x = -h + 3*l, -l + 3*l = -3*h + 8. List the prime factors of (-1)/h*-2*3.
3
Suppose 5*x + 48 = -v - v, -2*v = -4*x - 24. Let o = 6 - x. List the prime factors of o.
2, 7
Let o(f) = f**3 - 2*f**2 + 64. List the prime factors of o(0).
2
Suppose -11*o + 10*o + 6 = 0. List the prime factors of o.
2, 3
Suppose -m - 7*z + 87 = -3*z, 4*m = -z + 303. List the prime factors of m.
3, 5
Let q be 2/1 - (-3 + 3). Suppose f + f + 4*h = 88, -q*f = 3*h - 87. What are the prime factors of f?
2, 3, 7
Suppose 2*i - 18 = 28. What are the prime factors of i?
23
Let r = -4 + 9. Suppose -x = -r*x + 36. What are the prime factors of x?
3
Suppose 0*q - 10 = -5*q. Suppose 5*s - 22 = -32. What are the prime factors of s*q/(-4) + 10?
11
Let a be ((-2)/4)/((-2)/(-20)). Let s(w) be the first derivative of w**2/2 + 10*w + 1. What are the prime factors of s(a)?
5
Let a(c) = -2*c**3 -